ert 35 (base 13) to base 4.
230
Convert -6 (base 8) to base 13.
-6
Convert -80 (base 12) to base 16.
-60
Convert 6 (base 10) to base 4.
12
What is 4b (base 15) in base 11?
65
What is -224 (base 6) in base 8?
-130
Convert 8 (base 10) to base 11.
8
What is 1 (base 6) in base 13?
1
-112 (base 3) to base 7
-20
What is 1110 (base 2) in base 6?
22
21 (base 10) to base 6
33
3a (base 11) to base 7
61
Convert -49 (base 16) to base 12.
-61
What is -8 (base 9) in base 15?
-8
3 (base 7) to base 11
3
Convert 13 (base 8) to base 10.
11
-5 (base 7) to base 4
-11
Convert -7 (base 8) to base 16.
-7
What is -3 (base 12) in base 11?
-3
What is 10 (base 3) in base 6?
3
Convert -74 (base 8) to base 2.
-111100
Convert -192 (base 13) to base 16.
-120
Convert 10 (base 2) to base 3.
2
-11 (base 5) to base 6
-10
Convert -4 (base 8) to base 2.
-100
Convert aa (base 16) to base 11.
145
a4 (base 13) to base 7
251
0 (base 13) to base 4
0
-34 (base 11) to base 3
-1101
Convert 10 (base 11) to base 10.
11
What is 3 (base 15) in base 16?
3
Convert -150 (base 13) to base 7.
-453
What is 7 (base 16) in base 6?
11
1 (base 13) to base 3
1
What is -181 (base 11) in base 12?
-156
Convert -1013 (base 4) to base 2.
-1000111
2000 (base 3) to base 12
46
3d (base 15) to base 4
322
Convert -c (base 15) to base 7.
-15
What is 2 (base 6) in base 13?
2
What is 110101 (base 2) in base 3?
1222
What is 122 (base 8) in base 16?
52
-1 (base 8) to base 10
-1
Convert -8 (base 13) to base 9.
-8
What is -54 (base 7) in base 11?
-36
What is 211 (base 5) in base 14?
40
What is -51 (base 13) in base 16?
-42
-2 (base 4) to base 8
-2
-20 (base 14) to base 12
-24
What is 3 (base 12) in base 9?
3
What is -a9 (base 13) in base 11?
-117
What is 1 (base 16) in base 14?
1
-2 (base 9) to base 5
-2
What is 31 (base 14) in base 5?
133
-120 (base 3) to base 13
-12
21 (base 12) to base 5
100
What is -1 (base 7) in base 11?
-1
-1211 (base 5) to base 2
-10110101
What is -4 (base 9) in base 2?
-100
-100 (base 4) to base 5
-31
-3 (base 13) to base 6
-3
4 (base 8) to base 3
11
-4 (base 10) to base 6
-4
1111110 (base 2) to base 9
150
Convert -8 (base 10) to base 15.
-8
222 (base 3) to base 5
101
2 (base 15) to base 4
2
Convert -10011101 (base 2) to base 7.
-313
What is -3012 (base 4) in base 2?
-11000110
Convert -9 (base 15) to base 5.
-14
Convert -12 (base 4) to base 15.
-6
What is -1 (base 4) in base 3?
-1
Convert 2 (base 4) to base 8.
2
What is 1 (base 14) in base 16?
1
-10 (base 14) to base 6
-22
24 (base 15) to base 7
46
What is 3 (base 11) in base 12?
3
1 (base 14) to base 16
1
Convert 2 (base 16) to base 8.
2
131 (base 4) to base 10
29
-1 (base 14) to base 5
-1
Convert -18 (base 9) to base 13.
-14
-30 (base 14) to base 10
-42
What is -33 (base 5) in base 2?
-10010
What is -18 (base 10) in base 7?
-24
Convert -30 (base 14) to base 4.
-222
What is 101 (base 3) in base 12?
a
104 (base 5) to base 3
1002
-21 (base 3) to base 13
-7
Convert 33 (base 11) to base 2.
100100
Convert 1020 (base 3) to base 8.
41
What is -e (base 15) in base 10?
-14
Convert -2 (base 4) to base 6.
-2
What is -4 (base 12) in base 2?
-100
32 (base 10) to base 6
52
Convert 38 (base 10) to base 12.
32
-6 (base 9) to base 16
-6
Convert -3 (base 9) to base 3.
-10
2 (base 12) to base 2
10
-1a (base 14) to base 9
-26
Convert 263 (base 7) to base 9.
168
What is a (base 16) in base 9?
11
What is -13 (base 7) in base 4?
-22
What is 7 (base 16) in base 10?
7
What is 2 (base 5) in base 16?
2
Convert 110 (base 3) to base 10.
12
Convert -222 (base 6) to base 10.
-86
Convert -4d (base 14) to base 5.
-234
What is -1 (base 15) in base 3?
-1
Convert -1 (base 12) to base 9.
-1
0 (base 12) to base 6
0
What is 0 (base 14) in base 3?
0
Convert -121 (base 5) to base 7.
-51
What is 32 (base 5) in base 8?
21
Convert 11 (base 4) to base 14.
5
What is 56 (base 8) in base 13?
37
Convert 10 (base 14) to base 16.
e
-173 (base 12) to base 13
-14a
What is 1124 (base 5) in base 10?
164
Convert -6 (base 10) to base 3.
-20
What is -13 (base 7) in base 3?
-101
-14 (base 6) to base 16
-a
Convert 1 (base 10) to base 9.
1
Convert -148 (base 11) to base 2.
-10101101
What is 2242 (base 5) in base 3?
102221
What is 18 (base 11) in base 6?
31
Convert 17 (base 9) to base 2.
10000
69 (base 16) to base 3
10220
23 (base 4) to base 7
14
Convert 3 (base 5) to base 15.
3
What is 4 (base 13) in base 7?
4
Convert -11111 (base 2) to base 7.
-43
What is -37 (base 12) in base 4?
-223
Convert -59 (base 15) to base 9.
-103
Convert -11 (base 14) to base 12.
-13
Convert 5 (base 16) to base 9.
5
Convert -4c (base 13) to base 10.
-64
What is -2e (base 15) in base 12?
-38
Convert 19 (base 15) to base 4.
120
Convert 30 (base 7) to base 15.
16
-1a (base 11) to base 12
-19
Convert 0 (base 3) to base 13.
0
What is 0 (base 3) in base 6?
0
12b (base 15) to base 11
222
6 (base 13) to base 9
6
Convert 1001 (base 2) to base 15.
9
Convert 0 (base 11) to base 2.
0
32 (base 8) to base 10
26
What is 2 (base 12) in base 7?
2
Convert 3c (base 15) to base 9.
63
-1 (base 12) to base 9
-1
46 (base 13) to base 9
64
What is -1 (base 14) in base 4?
-1
-21 (base 16) to base 2
-100001
431 (base 6) to base 4
2203
Convert -13 (base 9) to base 8.
-14
-221 (base 3) to base 2
-11001
Convert 15 (base 12) to base 16.
11
What is 14 (base 7) in base 10?
11
Convert -1 (base 2) to base 11.
-1
What is 3 (base 11) in base 8?
3
Convert -4 (base 9) to base 14.
-4
1021 (base 3) to base 10
34
What is 1 (base 3) in base 13?
1
1011 (base 2) to base 6
15
Convert 7 (base 8) to base 11.
7
Convert 20 (base 15) to base 16.
1e
Convert -4 (base 11) to base 16.
-4
Convert -110 (base 8) to base 15.
-4c
What is 20 (base 12) in base 10?
24
Convert 19 (base 15) to base 11.
22
What is -4 (base 11) in base 9?
-4
Convert 16 (base 15) to base 9.
23
What is 2 (base 13) in base 2?
10
Convert 4 (base 15) to base 5.
4
-32 (base 16) to base 7
-101
What is 2 (base 16) in base 4?
2
What is -49 (base 16) in base 10?
-73
Convert -130 (base 6) to base 12.
-46
-2 (base 11) to base 16
-2
-121 (base 5) to base 14
-28
What is 41 (base 6) in base 16?
19
What is -10 (base 10) in base 13?
-a
Convert -201 (base 5) to base 10.
-51
Convert -1a (base 13) to base 10.
-23
What is -2441 (base 5) in base 3?
-111202
-1b (base 12) to base 10
-23
What is 1211 (base 6) in base 13?
199
-106 (base 10) to base 12
-8a
Convert 29 (base 13) to base 15.
25
Convert -5 (base 16) to base 10.
-5
What is 1 (base 6) in base 9?
1
What is 2 (base 10) in base 13?
2
What is 5 (base 6) in base 9?
5
0 (base 5) to base 12
0
-277 (base 8) to base 14
-d9
-12 (base 11) to base 2
-1101
What is -3 (base 7) in base 12?
-3
Convert 1000 (base 4) to base 3.
2101
What is -3 (base 9) in base 6?
-3
Convert 8 (base 13) to base 5.
13
Convert 188 (base 9) to base 8.
241
Convert -134 (base 6) to base 14.
-42
What is 110 (base 4) in base 16?
14
What is 118 (base 12) in base 7?
323
Convert -10 (base 3) to base 6.
-3
Convert 1103 (base 4) to base 14.
5d
What is -11 (base 2) in base 9?
-3
What is 1 (base 7) in base 11?
1
-8 (base 14) to base 7
-11
Convert 3332 (base 4) to base 13.
167
-66 (base 13) to base 15
-59
What is -1110 (base 3) in base 9?
-43
-8 (base 14) to base 8
-10
5 (base 10) to base 2
101
73 (base 13) to base 4
1132
21 (base 3) to base 2
111
What is 10 (base 5) in base 16?
5
0 (base 7) to base 4
0
What is -430 (base 5) in base 12?
-97
What is c8 (base 14) in base 16?
b0
-240 (base 11) to base 9
-347
4 (base 15) to base 13
4
What is 10000 (base 2) in base 8?
20
Convert 0 (base 6) to base 16.
0
Convert -6 (base 14) to base 3.
-20
Convert 9 (base 14) to base 2.
1001
Convert 66 (base 7) to base 5.
143
Convert 6 (base 15) to base 11.
6
What is 3 (base 7) in base 8?
3
1102 (base 3) to base 2
100110
-29 (base 15) to base 6
-103
Convert -9 (base 12) to base 2.
-1001
What is -15 (base 15) in base 2?
-10100
What is -67 (base 15) in base 10?
-97
-9 (base 13) to base 6
-13
What is 7 (base 16) in base 2?
111
What is 405 (base 6) in base 13?
b6
-32 (base 8) to base 14
-1c
Convert 177 (base 14) to base 11.
254
Convert 20 (base 8) to base 7.
22
-96 (base 10) to base 8
-140
12 (base 9) to base 13
b
4 (base 11) to base 8
4
-5 (base 7) to base 8
-5
What is 7 (base 8) in base 10?
7
5 (base 14) to base 9
5
-101001010 (base 2) to base 